{"id":124,"date":"2024-11-22T09:11:28","date_gmt":"2024-11-22T09:11:28","guid":{"rendered":"https:\/\/agromajstor.me\/?page_id=124"},"modified":"2024-11-26T13:43:24","modified_gmt":"2024-11-26T13:43:24","slug":"podizanje-vocnjaka-i-vinograda-2","status":"publish","type":"page","link":"https:\/\/agromajstor.me\/?page_id=124","title":{"rendered":"Podizanje vo\u0107njaka i vinograda"},"content":{"rendered":"<p>[et_pb_section fb_built=&#8221;1&#8221; fullwidth=&#8221;on&#8221; _builder_version=&#8221;4.27.2&#8221; animation_style=&#8221;slide&#8221; animation_direction=&#8221;top&#8221; animation_intensity_slide=&#8221;2%&#8221; animation_starting_opacity=&#8221;100%&#8221; global_colors_info=&#8221;{}&#8221;][et_pb_fullwidth_header title=&#8221;Podizanje vo\u0107njaka i vinograda&#8221; text_orientation=&#8221;center&#8221; content_max_width=&#8221;700px&#8221; _builder_version=&#8221;4.27.2&#8221; title_font=&#8221;Lato||||||||&#8221; title_font_size=&#8221;60px&#8221; title_line_height=&#8221;1.2em&#8221; content_font=&#8221;||||||||&#8221; content_font_size=&#8221;20px&#8221; content_line_height=&#8221;1.8em&#8221; background_color=&#8221;#1ba04c&#8221; use_background_color_gradient=&#8221;on&#8221; background_color_gradient_direction=&#8221;90deg&#8221; background_color_gradient_stops=&#8221;rgba(0,0,0,0.75) 0%|rgba(0,0,0,0) 100%&#8221; background_color_gradient_overlays_image=&#8221;on&#8221; background_color_gradient_start=&#8221;rgba(0,0,0,0.75)&#8221; background_color_gradient_end=&#8221;rgba(0,0,0,0)&#8221; background_enable_image=&#8221;off&#8221; custom_button_one=&#8221;on&#8221; button_one_text_size=&#8221;18px&#8221; button_one_bg_color=&#8221;#02d002&#8221; button_one_border_width=&#8221;8px&#8221; button_one_border_color=&#8221;#02d002&#8221; button_one_border_radius=&#8221;0px&#8221; button_one_letter_spacing=&#8221;1px&#8221; button_one_font=&#8221;Lato|700|||||||&#8221; button_one_use_icon=&#8221;off&#8221; custom_button_two=&#8221;on&#8221; button_two_text_size=&#8221;18px&#8221; button_two_text_color=&#8221;#353740&#8221; button_two_bg_color=&#8221;#ffffff&#8221; button_two_border_width=&#8221;8px&#8221; button_two_border_color=&#8221;#ffffff&#8221; button_two_border_radius=&#8221;0px&#8221; button_two_letter_spacing=&#8221;1px&#8221; button_two_font=&#8221;Lato|700|||||||&#8221; button_two_use_icon=&#8221;off&#8221; custom_margin=&#8221;|||&#8221; custom_padding=&#8221;0%||0.8%|||&#8221; button_one_letter_spacing_hover=&#8221;1px&#8221; button_two_letter_spacing_hover=&#8221;1px&#8221; global_colors_info=&#8221;{}&#8221; button_one_text_size__hover_enabled=&#8221;off&#8221; button_two_text_size__hover_enabled=&#8221;off&#8221; button_one_text_color__hover_enabled=&#8221;off&#8221; button_two_text_color__hover_enabled=&#8221;off&#8221; button_one_border_width__hover_enabled=&#8221;off&#8221; button_two_border_width__hover_enabled=&#8221;off&#8221; button_one_border_color__hover_enabled=&#8221;off&#8221; button_two_border_color__hover_enabled=&#8221;off&#8221; button_one_border_radius__hover_enabled=&#8221;off&#8221; button_two_border_radius__hover_enabled=&#8221;off&#8221; button_one_letter_spacing__hover_enabled=&#8221;on&#8221; button_one_letter_spacing__hover=&#8221;1px&#8221; button_two_letter_spacing__hover_enabled=&#8221;on&#8221; button_two_letter_spacing__hover=&#8221;1px&#8221; button_one_bg_color__hover_enabled=&#8221;off&#8221; button_two_bg_color__hover_enabled=&#8221;off&#8221;][\/et_pb_fullwidth_header][\/et_pb_section][et_pb_section fb_built=&#8221;1&#8221; admin_label=&#8221;Market Information Section&#8221; _builder_version=&#8221;4.16&#8221; custom_padding=&#8221;100px|0px|40px|||&#8221; global_colors_info=&#8221;{}&#8221;][et_pb_row column_structure=&#8221;1_2,1_2&#8221; admin_label=&#8221;Market Information Title Area&#8221; _builder_version=&#8221;4.16&#8221; custom_padding=&#8221;40px|0px|40px|0px&#8221; global_colors_info=&#8221;{}&#8221;][et_pb_column type=&#8221;1_2&#8221; _builder_version=&#8221;4.16&#8221; custom_padding=&#8221;|||&#8221; global_colors_info=&#8221;{}&#8221; custom_padding__hover=&#8221;|||&#8221;][et_pb_text _builder_version=&#8221;4.27.2&#8221; text_font=&#8221;||||||||&#8221; text_font_size=&#8221;16px&#8221; text_line_height=&#8221;1.8em&#8221; header_font=&#8221;||||||||&#8221; custom_padding=&#8221;||0px|||&#8221; animation_style=&#8221;flip&#8221; animation_direction=&#8221;left&#8221; animation_intensity_flip=&#8221;20%&#8221; animation_starting_opacity=&#8221;100%&#8221; global_colors_info=&#8221;{}&#8221;]<\/p>\n<p>Podizanje vo\u0107njaka ili vinograda predstavlja slo\u017een proces koji zahtijeva detaljno planiranje i stru\u010dno vo\u0111enje svakog koraka. U Agromajstoru pru\u017eamo kompletnu podr\u0161ku kroz svaki proces, oslanjaju\u0107i se na iskustvo i stru\u010dnost kako bismo obezbijedili uspje\u0161an i zdrav razvoj zasada.<\/p>\n<p>&nbsp;<\/p>\n<ol>\n<li>Priprema terena i analiza zemlji\u0161ta<\/li>\n<\/ol>\n<p>&nbsp;<\/p>\n<p>Potrebno je da se zemlji\u0161te prvo o\u010disti od \u0161iblja, dugogodi\u0161njeg korova, korjenja, kamenja itd. i da se izvr\u0161i ravnanje terena kako bi se olak\u0161ala obrada zemlji\u0161ta i sprije\u010dilo zadr\u017eavanje vode u depresijama.<\/p>\n<p>Svaki zasad po\u010dinje dubinskom analizom zemlji\u0161ta, koja nam omogu\u0107ava da razumijemo fizi\u010dko-hemijske karakteristike tla i njegove nutritivne vrednosti. Ovaj korak je od su\u0161tinske va\u017enosti jer odre\u0111uje koji su tipovi biljaka najprikladniji i koji su tretmani potrebni kako bi se tlo pripremilo za sadnju.<\/p>\n<p>&nbsp;<\/p>\n<p>&nbsp;<\/p>\n<p>[\/et_pb_text][et_pb_text _builder_version=&#8221;4.27.2&#8221; text_font=&#8221;||||||||&#8221; text_font_size=&#8221;16px&#8221; text_line_height=&#8221;1.8em&#8221; header_font=&#8221;||||||||&#8221; custom_padding=&#8221;||0px|||&#8221; animation_style=&#8221;flip&#8221; animation_direction=&#8221;left&#8221; animation_intensity_flip=&#8221;20%&#8221; animation_starting_opacity=&#8221;100%&#8221; global_colors_info=&#8221;{}&#8221;]<\/p>\n<p>&nbsp;<\/p>\n<p>&nbsp;<\/p>\n<p>&nbsp;<\/p>\n<p>[\/et_pb_text][\/et_pb_column][et_pb_column type=&#8221;1_2&#8221; _builder_version=&#8221;4.16&#8221; custom_padding=&#8221;|||&#8221; global_colors_info=&#8221;{}&#8221; custom_padding__hover=&#8221;|||&#8221;][et_pb_image src=&#8221;https:\/\/agromajstor.me\/wp-content\/uploads\/2024\/11\/viber_image_2024-10-28_17-05-37-780.jpg&#8221; title_text=&#8221;viber_image_2024-10-28_17-05-37-780&#8221; _builder_version=&#8221;4.27.2&#8221; _module_preset=&#8221;default&#8221; hover_enabled=&#8221;0&#8221; global_colors_info=&#8221;{}&#8221; sticky_enabled=&#8221;0&#8221;][\/et_pb_image][\/et_pb_column][\/et_pb_row][et_pb_row column_structure=&#8221;1_2,1_2&#8221; admin_label=&#8221;Market Information Title Area&#8221; _builder_version=&#8221;4.16&#8221; custom_padding=&#8221;40px|0px|12px|0px||&#8221; global_colors_info=&#8221;{}&#8221;][et_pb_column type=&#8221;1_2&#8221; _builder_version=&#8221;4.16&#8221; custom_padding=&#8221;|||&#8221; global_colors_info=&#8221;{}&#8221; custom_padding__hover=&#8221;|||&#8221;][et_pb_image src=&#8221;https:\/\/agromajstor.me\/wp-content\/uploads\/2024\/11\/viber_image_2024-10-28_17-06-19-951.jpg&#8221; title_text=&#8221;viber_image_2024-10-28_17-06-19-951&#8221; _builder_version=&#8221;4.27.2&#8221; _module_preset=&#8221;default&#8221; hover_enabled=&#8221;0&#8221; global_colors_info=&#8221;{}&#8221; sticky_enabled=&#8221;0&#8221;][\/et_pb_image][\/et_pb_column][et_pb_column _builder_version=&#8221;4.27.2&#8221; _module_preset=&#8221;default&#8221; type=&#8221;1_2&#8221;][et_pb_text _builder_version=&#8221;4.27.2&#8221; text_font=&#8221;||||||||&#8221; text_font_size=&#8221;16px&#8221; text_line_height=&#8221;1.8em&#8221; header_font=&#8221;||||||||&#8221; custom_padding=&#8221;||0px|||&#8221; animation_style=&#8221;flip&#8221; animation_direction=&#8221;left&#8221; animation_intensity_flip=&#8221;20%&#8221; animation_starting_opacity=&#8221;100%&#8221; global_colors_info=&#8221;{}&#8221;]<\/p>\n<p>Analiza uklju\u010duje:<\/p>\n<p>&nbsp;<\/p>\n<p>Hemijsku analizu zemlji\u0161ta koja prikazuje fizi\u010dke, hemijske i biolo\u0161ke osobine zemlji\u0161ta, tip zemlji\u0161ta, pH zemlji\u0161ta, kao i najva\u017enije makroelemente zemlji\u0161ta azot, fosfor i kalijum. Dobijeni rezultati \u0107e pokazati koliko je potrebno dodati stajskog i mineralnog kompleksnog \u0111ubriva (NPK).<\/p>\n<p>&nbsp;<\/p>\n<p>Na osnoviu fizi\u010dke karakteristike tla odre\u0111ujemo teksturu, strukturu i drena\u017eu tla kako bismo osigurali optimalne uslove za rast korijena.<\/p>\n<p>&nbsp;<\/p>\n<p>Priprema terena uklju\u010duje oranje, frezanje i nivelisanje, \u010dime se obezbje\u0111uje dobra struktura tla i priprema podloga za sadnju.<\/p>\n<p>[\/et_pb_text][\/et_pb_column][\/et_pb_row][et_pb_row admin_label=&#8221;Market Information Title Area&#8221; _builder_version=&#8221;4.16&#8221; custom_padding=&#8221;40px|0px|40px|0px&#8221; global_colors_info=&#8221;{}&#8221;][et_pb_column type=&#8221;4_4&#8221; _builder_version=&#8221;4.16&#8221; custom_padding=&#8221;|||&#8221; global_colors_info=&#8221;{}&#8221; custom_padding__hover=&#8221;|||&#8221;][et_pb_text _builder_version=&#8221;4.27.2&#8221; text_font=&#8221;||||||||&#8221; text_font_size=&#8221;16px&#8221; text_line_height=&#8221;1.8em&#8221; header_font=&#8221;||||||||&#8221; custom_padding=&#8221;||0px|||&#8221; animation_style=&#8221;flip&#8221; animation_direction=&#8221;left&#8221; animation_intensity_flip=&#8221;20%&#8221; animation_starting_opacity=&#8221;100%&#8221; global_colors_info=&#8221;{}&#8221;]<\/p>\n<p>Obrada zemlji\u0161ta prije podizanja zasada\u00a0<\/p>\n<p>\u00a0Nakon \u0161to se izvr\u0161i rasturanje organskih i mineralnih \u0111ubriva, pristupa se rigolovanju ili podrivanju zemlji\u0161ta. Dubina rigolovanja zemlji\u0161ta se obavlja na dubini od 60-100 cm. Nakon toga se vr\u0161i duboka obrada zemlji\u0161ta na 40 cm, pa se zatim vr\u0161i kultiviranje ili fino ravnanje povr\u0161ine zemlji\u0161ta sa tanjira\u010dama, kultivatorima ili rotofrezama.<\/p>\n<p>&nbsp;<\/p>\n<ol start=\"2\">\n<li>Izbor sorti i plan sadnje<\/li>\n<\/ol>\n<p>&nbsp;<\/p>\n<p>U saradnji sa klijentom, pa\u017eljivo biramo sorte koje \u0107e najbolje odgovarati specifi\u010dnim uslovima lokacije i klimatskim karakteristikama. Pri odabiru sorti uzimamo u obzir faktore kao \u0161to su otpornost na bolesti, prilagodljivost terenu i o\u010dekivani prinosi. Nakon odabira sorte, izra\u0111ujemo detaljan plan sadnje koji uklju\u010duje:<\/p>\n<p>&nbsp;<\/p>\n<p>Odre\u0111ivanje razmaka izme\u0111u biljaka i redova- optimalan razmak omogu\u0107ava pravilno razvijanje kro\u0161nji, bolju provjetrenost i lak\u0161e odr\u017eavanje.<\/p>\n<p>&nbsp;<\/p>\n<p>Razmak sadnje &#8211; planiramo raspored kako bi zasadi imali optimalne sun\u010deve uslove i kako bi odr\u017eavanje (rezidba, navodnjavanje) bilo \u0161to efikasnije.<\/p>\n<p>&nbsp;<\/p>\n<p>Na razmak sadnje u vo\u0107aku \u00a0uti\u010du mnogi \u010dinioci, ali su najzna\u010dajniji: vrsta, sorta, podloga,\u00a0 oblik i na\u010din formiranja krune, reljef, polo\u017eaj, osobine zemlji\u0161ta, primijenjena mehanizacija i sl.<\/p>\n<p>&nbsp;<\/p>\n<p>(Izra\u010dunavanje broja sadnica po hektaru vr\u0161i se na taj na\u010din, \u0161to se prvo izra\u010duna povr\u0161ina koju zauzima jedna sadnica, a zatim se tom povr\u0161inom podijeli povr\u0161ina 1ha. Na primjer, razmak izme\u0111u sadnica 4&#215;3 m \u00a0zna\u010di da sadnica zauzima povr\u0161inu od 12 m2 . Za povr\u0161inu od 10.000 m2 (1ha) bi\u0107e potrebno 833 vo\u0107ne sadnice, jer se 10.000 : 12 =833 )<\/p>\n<p>&nbsp;<\/p>\n<p>&nbsp;<\/p>\n<ol start=\"3\">\n<li>Priprema sadnog materijala i sadnja<\/li>\n<\/ol>\n<p>&nbsp;<\/p>\n<p>Za uspje\u0161an vo\u0107ni zasad klju\u010dna je upotreba kvalitetnog sadnog materijala. Najbolje je koristiti sadnice provjerenih proizvo\u0111a\u010da, koje su zdravstveno ispitane i prilago\u0111ene zahtjevima specifi\u010dnog zasada.<\/p>\n<p>&nbsp;<\/p>\n<p>Za uspje\u0161nost podizanja vo\u0107njaka neophodni su povoljni agroekolo\u0161ki uslovi u datom lokalitetu gajenja. U Crnoj Gori postoje povoljni agroekolo\u0161ki uslovi (abioti\u010dki-uticaj ne\u017eive prirode i bioti\u010dki-uticaj \u017eive prirode) za uspje\u0161no gajenje kontinentalnog vo\u0107a u sjevernom i centralnom dijelu CG, a na jugu se mogu uspje\u0161no gajiti suptropske kulture.<\/p>\n<p>&nbsp;<\/p>\n<p>Period sadnje jesen-prolje\u0107e.<\/p>\n<p>&nbsp;<\/p>\n<p>Proces sadnje uklju\u010duje:<\/p>\n<p>&nbsp;<\/p>\n<p>Obilje\u017eavanje mjesta za sadnju- za povr\u0161ine do 15 ha razmjeravanje mo\u017ee da se obavi pomo\u0107u krsta za viziranje; pantljikom ili kanapom sa obilje\u017eenim mjestima.<\/p>\n<p>&nbsp;<\/p>\n<p>Kopanje jama za svaku sadnicu (ru\u010dno ili ma\u0161inski). Ukoliko je zemlji\u0161te prethodno dobro pripremljeno tj. rigolovano ili podrivano, a vr\u0161i se \u0111ubrenje u rupu, onda se kopaju rupe 50&#215;50 ili 60\u00d760 cm. Me\u0111utim, ukoliko priprema zemlji\u0161ta nije bila dobra ili se vr\u0161i sadnja na ledini (oku\u0107nica), onda rupe moraju biti 80\u00d7 80cm.<\/p>\n<p>&nbsp;<\/p>\n<p>Priprema sadnica &#8211; provjeravamo zdravlje korijenovog sistema i, po potrebi, tretiramo sadnice sredstvima za za\u0161titu od bolesti.<\/p>\n<p>\u010ci\u0161\u0107enje i skra\u0107ivanje \u017eila je jedna od neizbje\u017enih operacija kao i potapanje korijena sadnica prije sa\u0111enja u (2 % &#8211; tni rastvor plavog kamena radi dezinfekcije presjeka, pa zatim spustiti i u ka\u0161u napravljenu od jednog dijela svje\u017eeg stajnjaka i dva dijela gline, da bi se sprije\u010dila svaka svenulost \u017eilica i pobolj\u0161ali uslovi obrazovanja kalusa. U ovoj ka\u0161i \u017eile treba dr\u017eati oko 24 \u010dasa)<\/p>\n<p>&nbsp;<\/p>\n<p>Tehnika sadnje \u2013 obavljamo sadnju na odgovaraju\u0107u dubinu i u optimalnim vremenskim uslovima, osiguravaju\u0107i da biljke dobiju potrebnu vlagu i podr\u0161ku za razvoj korijena. Ukoliko nije izvr\u0161eno \u0111ubrenje na svaku rupu staviti 5-10 kg stajnjaka (voditi racuna da korijenove \u017eile ne do\u0111u u kontakt sa \u0111ubrivom) i 8-10 litara vode.<\/p>\n<p>&nbsp;<\/p>\n<p>Formiranje uzgojnog oblika &#8211; Nakon sadnje, prve 4 godine se vr\u0161i njegovanje mladog zasada i formiranje uzgojnog oblika (vitko vreteno, vretenasti \u017ebun, nepravilna i pravilna kosa palmeta i dr.), a ujedno se obavljaju redovne agrotehni\u010dke operacije u vo\u0107njaku. Pravilno formiran oblik krune je osnovni preduslov za kvalitetno plodono\u0161enje vo\u0107aka.<\/p>\n<p>&nbsp;<\/p>\n<ol start=\"4\">\n<li>Sistem navodnjavanja i \u0111ubrenje<\/li>\n<\/ol>\n<p>&nbsp;<\/p>\n<p>Navodnjavanje i \u0111ubrenje su osnovni faktori koji direktno uti\u010du na rast, prinos i zdravlje vo\u0107aka i vinove loze. Razvijamo specifi\u010dne planove navodnjavanja i \u0111ubrenja prilago\u0111ene potrebama biljaka:<\/p>\n<p>&nbsp;<\/p>\n<p>Sistem navodnjavanja \u2013 instaliramo kap po kap sisteme, koji omogu\u0107avaju ekonomi\u010dno i efikasno zalivanje. Na osnovu vrste vo\u0107a ili vinove loze, prilago\u0111avamo koli\u010dinu vode i frekvenciju zalivanja.<\/p>\n<p>&nbsp;<\/p>\n<p>Plan \u0111ubrenja \u2013 prema hemijskoj analizi tla, izra\u0111ujemo plan \u0111ubrenja koji sadr\u017ei sve potrebne makro i mikroelemente za pravilan rast. \u0110ubrenje se vr\u0161i u fazama, prate\u0107i sezonske potrebe biljaka.<\/p>\n<p>&nbsp;<\/p>\n<ol start=\"5\">\n<li>Postavljanje sistema za\u0161tite<\/li>\n<\/ol>\n<p>&nbsp;<\/p>\n<p>Kako bismo obezbijedili dugotrajan i zdrav zasad, postavljamo sistem za\u0161tite koji uklju\u010duje:<\/p>\n<p>&nbsp;<\/p>\n<p>Fizi\u010dke barijere &#8211; za\u0161titne mre\u017ee za ptice, vjetrobrane, protivgradne i ostale mjere za\u0161tite.<\/p>\n<p>Plan za\u0161tite od bolesti i \u0161teto\u010dina \u2013 uklju\u010duje preventivne tretmane i plan redovnog pra\u0107enja i suzbijanja mogu\u0107ih problema, u skladu sa principima integrisane za\u0161tite biljaka.<\/p>\n<p>Ovaj detaljan pristup svakom aspektu podizanja vo\u0107njaka i vinograda obezbje\u0111uje kvalitetne osnove i dugoro\u010dne rezultate.<\/p>\n<p>&nbsp;<\/p>\n<p>\u00a0Agromajstor je Va\u0161 partner u svakom koraku, pru\u017eaju\u0107i podr\u0161ku i stru\u010dno vo\u0111enje koje osigurava uspje\u0161an i odr\u017eiv zasad.<\/p>\n<p>[\/et_pb_text][\/et_pb_column][\/et_pb_row][\/et_pb_section][et_pb_section fb_built=&#8221;1&#8221; fullwidth=&#8221;on&#8221; admin_label=&#8221;Call to Action&#8221; _builder_version=&#8221;4.16&#8221; animation_style=&#8221;slide&#8221; animation_direction=&#8221;bottom&#8221; animation_intensity_slide=&#8221;6%&#8221; animation_starting_opacity=&#8221;100%&#8221; locked=&#8221;off&#8221; global_colors_info=&#8221;{}&#8221;][et_pb_fullwidth_header title=&#8221;Po\u010dnimo jednu lijepu saradnju&#8221; button_one_text=&#8221;Kontaktirajte nas&#8221; content_max_width=&#8221;800px&#8221; _builder_version=&#8221;4.27.2&#8221; title_level=&#8221;h2&#8221; title_font=&#8221;Lato||||||||&#8221; title_font_size=&#8221;60px&#8221; title_line_height=&#8221;1.2em&#8221; content_font=&#8221;||||||||&#8221; content_font_size=&#8221;20px&#8221; content_line_height=&#8221;1.8em&#8221; background_color=&#8221;rgba(255, 255, 255, 0)&#8221; use_background_color_gradient=&#8221;on&#8221; background_color_gradient_direction=&#8221;90deg&#8221; background_color_gradient_stops=&#8221;rgba(0,0,0,0.75) 0%|rgba(0,0,0,0) 100%&#8221; background_color_gradient_overlays_image=&#8221;on&#8221; background_color_gradient_start=&#8221;rgba(0,0,0,0.75)&#8221; background_color_gradient_end=&#8221;rgba(0,0,0,0)&#8221; background_image=&#8221;https:\/\/agromajstor.me\/wp-content\/uploads\/2024\/11\/viber_image_2024-10-28_17-05-49-563.jpg&#8221; custom_button_one=&#8221;on&#8221; button_one_text_size=&#8221;18px&#8221; button_one_bg_color=&#8221;#02d002&#8221; button_one_border_width=&#8221;8px&#8221; button_one_border_color=&#8221;#02d002&#8221; button_one_border_radius=&#8221;0px&#8221; button_one_letter_spacing=&#8221;1px&#8221; button_one_font=&#8221;Lato|700|||||||&#8221; button_one_use_icon=&#8221;off&#8221; custom_button_two=&#8221;on&#8221; button_two_text_size=&#8221;18px&#8221; button_two_text_color=&#8221;#353740&#8221; button_two_bg_color=&#8221;#ffffff&#8221; button_two_border_width=&#8221;8px&#8221; button_two_border_color=&#8221;#ffffff&#8221; button_two_border_radius=&#8221;0px&#8221; button_two_letter_spacing=&#8221;1px&#8221; button_two_font=&#8221;Lato|700|||||||&#8221; button_two_use_icon=&#8221;off&#8221; custom_margin=&#8221;-2px|||||&#8221; custom_padding=&#8221;8%||8%|&#8221; button_one_letter_spacing_hover=&#8221;1px&#8221; button_two_letter_spacing_hover=&#8221;1px&#8221; global_colors_info=&#8221;{}&#8221; button_one_text_size__hover_enabled=&#8221;off&#8221; button_two_text_size__hover_enabled=&#8221;off&#8221; button_one_text_color__hover_enabled=&#8221;off&#8221; button_two_text_color__hover_enabled=&#8221;off&#8221; button_one_border_width__hover_enabled=&#8221;off&#8221; button_two_border_width__hover_enabled=&#8221;off&#8221; button_one_border_color__hover_enabled=&#8221;off&#8221; button_two_border_color__hover_enabled=&#8221;off&#8221; button_one_border_radius__hover_enabled=&#8221;off&#8221; button_two_border_radius__hover_enabled=&#8221;off&#8221; button_one_letter_spacing__hover_enabled=&#8221;on&#8221; button_one_letter_spacing__hover=&#8221;1px&#8221; button_two_letter_spacing__hover_enabled=&#8221;on&#8221; button_two_letter_spacing__hover=&#8221;1px&#8221; button_one_bg_color__hover_enabled=&#8221;off&#8221; button_two_bg_color__hover_enabled=&#8221;off&#8221;][\/et_pb_fullwidth_header][\/et_pb_section]<\/p>\n","protected":false},"excerpt":{"rendered":"<p>Podizanje vo\u0107njaka ili vinograda predstavlja slo\u017een proces koji zahtijeva detaljno planiranje i stru\u010dno vo\u0111enje svakog koraka. U Agromajstoru pru\u017eamo kompletnu podr\u0161ku kroz svaki proces, oslanjaju\u0107i se na iskustvo i stru\u010dnost kako bismo obezbijedili uspje\u0161an i zdrav razvoj zasada. &nbsp; Priprema terena i analiza zemlji\u0161ta &nbsp; Potrebno je da se zemlji\u0161te prvo o\u010disti od \u0161iblja, dugogodi\u0161njeg [&hellip;]<\/p>\n","protected":false},"author":1,"featured_media":0,"parent":0,"menu_order":0,"comment_status":"closed","ping_status":"closed","template":"","meta":{"_et_pb_use_builder":"on","_et_pb_old_content":"","_et_gb_content_width":"","footnotes":""},"class_list":["post-124","page","type-page","status-publish","hentry"],"_links":{"self":[{"href":"https:\/\/agromajstor.me\/index.php?rest_route=\/wp\/v2\/pages\/124","targetHints":{"allow":["GET"]}}],"collection":[{"href":"https:\/\/agromajstor.me\/index.php?rest_route=\/wp\/v2\/pages"}],"about":[{"href":"https:\/\/agromajstor.me\/index.php?rest_route=\/wp\/v2\/types\/page"}],"author":[{"embeddable":true,"href":"https:\/\/agromajstor.me\/index.php?rest_route=\/wp\/v2\/users\/1"}],"replies":[{"embeddable":true,"href":"https:\/\/agromajstor.me\/index.php?rest_route=%2Fwp%2Fv2%2Fcomments&post=124"}],"version-history":[{"count":6,"href":"https:\/\/agromajstor.me\/index.php?rest_route=\/wp\/v2\/pages\/124\/revisions"}],"predecessor-version":[{"id":168,"href":"https:\/\/agromajstor.me\/index.php?rest_route=\/wp\/v2\/pages\/124\/revisions\/168"}],"wp:attachment":[{"href":"https:\/\/agromajstor.me\/index.php?rest_route=%2Fwp%2Fv2%2Fmedia&parent=124"}],"curies":[{"name":"wp","href":"https:\/\/api.w.org\/{rel}","templated":true}]}}