{"id":200,"date":"2025-01-28T14:38:39","date_gmt":"2025-01-28T14:38:39","guid":{"rendered":"https:\/\/agromajstor.me\/?page_id=200"},"modified":"2025-01-28T14:39:00","modified_gmt":"2025-01-28T14:39:00","slug":"rezidba-masline","status":"publish","type":"page","link":"https:\/\/agromajstor.me\/?page_id=200","title":{"rendered":"REZIDBA MASLINE"},"content":{"rendered":"<p>[et_pb_section fb_built=&#8221;1&#8221; fullwidth=&#8221;on&#8221; _builder_version=&#8221;4.27.2&#8221; animation_style=&#8221;slide&#8221; animation_direction=&#8221;top&#8221; animation_intensity_slide=&#8221;2%&#8221; animation_starting_opacity=&#8221;100%&#8221; global_colors_info=&#8221;{}&#8221; theme_builder_area=&#8221;post_content&#8221;][et_pb_fullwidth_header title=&#8221;Rezidba masline&#8221; text_orientation=&#8221;center&#8221; content_max_width=&#8221;700px&#8221; _builder_version=&#8221;4.27.2&#8221; title_font=&#8221;Lato||||||||&#8221; title_font_size=&#8221;60px&#8221; title_line_height=&#8221;1.2em&#8221; content_font=&#8221;||||||||&#8221; content_font_size=&#8221;20px&#8221; content_line_height=&#8221;1.8em&#8221; background_color=&#8221;#1ba04c&#8221; use_background_color_gradient=&#8221;on&#8221; background_color_gradient_direction=&#8221;90deg&#8221; background_color_gradient_stops=&#8221;rgba(0,0,0,0.75) 0%|rgba(0,0,0,0) 100%&#8221; background_color_gradient_overlays_image=&#8221;on&#8221; background_color_gradient_start=&#8221;rgba(0,0,0,0.75)&#8221; background_color_gradient_end=&#8221;rgba(0,0,0,0)&#8221; background_enable_image=&#8221;off&#8221; custom_button_one=&#8221;on&#8221; button_one_text_size=&#8221;18px&#8221; button_one_bg_color=&#8221;#02d002&#8221; button_one_border_width=&#8221;8px&#8221; button_one_border_color=&#8221;#02d002&#8221; button_one_border_radius=&#8221;0px&#8221; button_one_letter_spacing=&#8221;1px&#8221; button_one_font=&#8221;Lato|700|||||||&#8221; button_one_use_icon=&#8221;off&#8221; custom_button_two=&#8221;on&#8221; button_two_text_size=&#8221;18px&#8221; button_two_text_color=&#8221;#353740&#8221; button_two_bg_color=&#8221;#ffffff&#8221; button_two_border_width=&#8221;8px&#8221; button_two_border_color=&#8221;#ffffff&#8221; button_two_border_radius=&#8221;0px&#8221; button_two_letter_spacing=&#8221;1px&#8221; button_two_font=&#8221;Lato|700|||||||&#8221; button_two_use_icon=&#8221;off&#8221; custom_margin=&#8221;|||&#8221; custom_padding=&#8221;0%||0.8%|||&#8221; button_one_letter_spacing_hover=&#8221;1px&#8221; button_two_letter_spacing_hover=&#8221;1px&#8221; global_colors_info=&#8221;{}&#8221; button_one_text_size__hover_enabled=&#8221;off&#8221; button_two_text_size__hover_enabled=&#8221;off&#8221; button_one_text_color__hover_enabled=&#8221;off&#8221; button_two_text_color__hover_enabled=&#8221;off&#8221; button_one_border_width__hover_enabled=&#8221;off&#8221; button_two_border_width__hover_enabled=&#8221;off&#8221; button_one_border_color__hover_enabled=&#8221;off&#8221; button_two_border_color__hover_enabled=&#8221;off&#8221; button_one_border_radius__hover_enabled=&#8221;off&#8221; button_two_border_radius__hover_enabled=&#8221;off&#8221; button_one_letter_spacing__hover_enabled=&#8221;on&#8221; button_one_letter_spacing__hover=&#8221;1px&#8221; button_two_letter_spacing__hover_enabled=&#8221;on&#8221; button_two_letter_spacing__hover=&#8221;1px&#8221; button_one_bg_color__hover_enabled=&#8221;off&#8221; button_two_bg_color__hover_enabled=&#8221;off&#8221; theme_builder_area=&#8221;post_content&#8221;][\/et_pb_fullwidth_header][\/et_pb_section][et_pb_section fb_built=&#8221;1&#8221; admin_label=&#8221;Market Information Section&#8221; _builder_version=&#8221;4.16&#8221; custom_padding=&#8221;96px|0px|40px|||&#8221; global_colors_info=&#8221;{}&#8221; theme_builder_area=&#8221;post_content&#8221;][et_pb_row _builder_version=&#8221;4.27.2&#8221; _module_preset=&#8221;default&#8221; global_colors_info=&#8221;{}&#8221; theme_builder_area=&#8221;post_content&#8221;][et_pb_column type=&#8221;4_4&#8221; _builder_version=&#8221;4.27.2&#8221; _module_preset=&#8221;default&#8221; global_colors_info=&#8221;{}&#8221; theme_builder_area=&#8221;post_content&#8221;][et_pb_text _builder_version=&#8221;4.27.2&#8221; text_font=&#8221;||||||||&#8221; text_font_size=&#8221;16px&#8221; text_line_height=&#8221;1.8em&#8221; header_font=&#8221;||||||||&#8221; custom_padding=&#8221;||0px|||&#8221; animation_style=&#8221;flip&#8221; animation_direction=&#8221;left&#8221; animation_intensity_flip=&#8221;20%&#8221; animation_starting_opacity=&#8221;100%&#8221; hover_enabled=&#8221;0&#8221; global_colors_info=&#8221;{}&#8221; theme_builder_area=&#8221;post_content&#8221; sticky_enabled=&#8221;0&#8221;]<\/p>\n<p>Rezidba masline je jedna od najva\u017enijih agrotehni\u010dkih mjera koja direktno uti\u010de na rodnost stabala, kvalitet ploda i dugovje\u010dnost maslinjaka. U planta\u017enoj proizvodnji masline, rezidba se obavlja na na\u010din koji omogu\u0107ava maksimalnu produktivnost uz odr\u017eavanje optimalnog zdravlja stabala.<\/p>\n<p><strong>Za\u0161to je rezidba masline va\u017ena?<\/strong><br \/>Regulacija roda: Rezidbom se posti\u017ee balans izme\u0111u vegetativnog rasta i rodnosti, sprje\u010davaju\u0107i alternativnu rodnost (promjene izme\u0111u godina s visokim i niskim prinosima).<br \/>Bolja osun\u010danost: Pravilno oblikovana kro\u0161nja omogu\u0107ava prodiranje svjetlosti do unutra\u0161njih dijelova stabla, \u010dime se pove\u0107ava fotosinteza i kvalitet ploda.<br \/>Smanjenje bolesti i \u0161teto\u010dina: Rezidbom se pobolj\u0161ava provjetrenost kro\u0161nje, smanjuju\u0107i rizik od gljivi\u010dnih bolesti poput paunovog oka i raka masline.<br \/>Lak\u0161e odr\u017eavanje: Pravilno oblikovana stabla olak\u0161avaju berbu, za\u0161titu i druge agrotehni\u010dke mjere.<\/p>\n<p><strong>Vrste rezidbe masline:<\/strong><\/p>\n<p>[\/et_pb_text][\/et_pb_column][\/et_pb_row][et_pb_row column_structure=&#8221;1_2,1_2&#8221; admin_label=&#8221;Market Information Title Area&#8221; _builder_version=&#8221;4.27.2&#8221; custom_padding=&#8221;21px|0px|3px|0px||&#8221; global_colors_info=&#8221;{}&#8221; theme_builder_area=&#8221;post_content&#8221;][et_pb_column type=&#8221;1_2&#8221; _builder_version=&#8221;4.16&#8221; custom_padding=&#8221;|||&#8221; global_colors_info=&#8221;{}&#8221; custom_padding__hover=&#8221;|||&#8221; theme_builder_area=&#8221;post_content&#8221;][et_pb_text _builder_version=&#8221;4.27.2&#8221; text_font=&#8221;||||||||&#8221; text_font_size=&#8221;16px&#8221; text_line_height=&#8221;1.8em&#8221; header_font=&#8221;||||||||&#8221; custom_padding=&#8221;||0px|||&#8221; animation_style=&#8221;flip&#8221; animation_direction=&#8221;left&#8221; animation_intensity_flip=&#8221;20%&#8221; animation_starting_opacity=&#8221;100%&#8221; global_colors_info=&#8221;{}&#8221; theme_builder_area=&#8221;post_content&#8221;]<\/p>\n<p><strong>Formativna rezidba<\/strong><\/p>\n<p>Ova rezidba se obavlja u prvim godinama nakon sadnje kako bi se oblikovala kro\u0161nja stabla.<\/p>\n<p>Cilj je stvoriti uravnote\u017eenu strukturu sredi\u0161njeg debla i 3\u20134 glavne skeletne grane, koje \u0107e nositi rodne grane.<\/p>\n<p><strong>Rodna (produktivna) rezidba:<\/strong><\/p>\n<p>Vr\u0161i se kod odraslih stabala kako bi se odr\u017eala ravnote\u017ea izme\u0111u vegetativnog i rodnog dijela.<\/p>\n<p>Uklanjaju se stare i iscrpljene grane, a ostavljaju se mlade, rodne grane.<\/p>\n<p>\u00a0<strong>Obnavljaju\u0107a rezidba:<\/strong><\/p>\n<p>Primjenjuje se na starijim ili zapu\u0161tenim maslinama kako bi se podmladio rodni dio stabla.<\/p>\n<p>Obuhvata drasti\u010dnije uklanjanje starog drveta kako bi se potaknuo rast novih izbojaka.<\/p>\n<p>\u00a0<strong>Zelena rezidba:<\/strong><\/p>\n<p>Izvodi se tokom vegetacije uklanjanjem vodenih izdanaka (sukulenti), vi\u0161ka izdanaka iz baze stabla i svih mladica koje ne donose rod.<\/p>\n<p>&nbsp;<\/p>\n<p><span><\/span><span><\/span><\/p>\n<p>[\/et_pb_text][\/et_pb_column][et_pb_column type=&#8221;1_2&#8221; _builder_version=&#8221;4.16&#8221; custom_padding=&#8221;|||&#8221; global_colors_info=&#8221;{}&#8221; custom_padding__hover=&#8221;|||&#8221; theme_builder_area=&#8221;post_content&#8221;][et_pb_image src=&#8221;https:\/\/agromajstor.me\/wp-content\/uploads\/2025\/01\/rezidba-masline-podgorica-crna-gora-scaled.jpg&#8221; title_text=&#8221;rezidba-masline-podgorica-crna-gora&#8221; _builder_version=&#8221;4.27.2&#8221; _module_preset=&#8221;default&#8221; custom_padding=&#8221;33px|||||&#8221; hover_enabled=&#8221;0&#8221; global_colors_info=&#8221;{}&#8221; theme_builder_area=&#8221;post_content&#8221; sticky_enabled=&#8221;0&#8221;][\/et_pb_image][\/et_pb_column][\/et_pb_row][et_pb_row admin_label=&#8221;Market Information Title Area&#8221; _builder_version=&#8221;4.16&#8221; custom_padding=&#8221;40px|0px|3px|0px||&#8221; global_colors_info=&#8221;{}&#8221; theme_builder_area=&#8221;post_content&#8221;][et_pb_column type=&#8221;4_4&#8221; _builder_version=&#8221;4.16&#8221; custom_padding=&#8221;|||&#8221; global_colors_info=&#8221;{}&#8221; custom_padding__hover=&#8221;|||&#8221; theme_builder_area=&#8221;post_content&#8221;][et_pb_text _builder_version=&#8221;4.27.2&#8221; text_font=&#8221;||||||||&#8221; text_font_size=&#8221;16px&#8221; text_line_height=&#8221;1.8em&#8221; header_font=&#8221;||||||||&#8221; custom_padding=&#8221;||0px|||&#8221; animation_style=&#8221;flip&#8221; animation_direction=&#8221;left&#8221; animation_intensity_flip=&#8221;20%&#8221; animation_starting_opacity=&#8221;100%&#8221; global_colors_info=&#8221;{}&#8221; theme_builder_area=&#8221;post_content&#8221;]<\/p>\n<p><strong>Pravila za plantaznu rezidbu masline.<\/strong><\/p>\n<p>&nbsp;<\/p>\n<p><strong>Vrijeme izvo\u0111enja rezidbe<\/strong><\/p>\n<p>Rezidba masline u planta\u017eama obavlja se naj\u010de\u0161\u0107e u kasnu zimu ili rano prolje\u0107e (februar\u2013april), nakon prolaska opasnosti od mraza, ali prije po\u010detka intenzivnog rasta.<\/p>\n<p>&nbsp;<\/p>\n<p><strong>Oblik kro\u0161nje:<\/strong><\/p>\n<p>Naj\u010de\u0161\u0107i oblik kro\u0161nje u planta\u017enim zasadima je vaza (\u010da\u0161a) ili prilago\u0111ena piramida, jer omogu\u0107avaju bolju osun\u010danost i olak\u0161avaju mehani\u010dku berbu.<\/p>\n<p>Kod gustih zasada mo\u017ee se koristiti i oblik slobodnog vretena, prilago\u0111en uzgoju uz pomo\u0107 ma\u0161ina.<\/p>\n<p>&nbsp;<\/p>\n<p><strong>Osnovni koraci rezidbe<\/strong><\/p>\n<p>Uklanjanje suvih i o\u0161te\u0107enih grana: Sve grane koje su suve, polomljene, bolesne ili neproduktivne se uklanjaju.<\/p>\n<p>Prorje\u0111ivanje kro\u0161nje: Grane koje se preklapaju, sijeku ili rastu prema unutra\u0161njosti kro\u0161nje treba ukloniti.<\/p>\n<p>Rodne grane: Ostavite mlade i zdrave rodne grane koje su optimalne du\u017eine (30\u201360 cm) i dobro osun\u010dane.<\/p>\n<p>Skeletne grane: Vodite ra\u010duna da glavne grane budu ravnomjerno raspore\u0111ene i pod uglom od 45\u201360 stepeni u odnosu na deblo.<\/p>\n<p>&nbsp;<\/p>\n<p><strong>Broj rodnih grana i pupova<\/strong><\/p>\n<p>Kod planta\u017ene proizvodnje, broj rodnih grana i pupova prilago\u0111ava se sorti, starosti stabla i gustini zasada. Cilj je omogu\u0107iti da svaka grana ima dovoljno prostora za optimalnu rodnost.<\/p>\n<p>&nbsp;<\/p>\n<p><strong>Specifi\u010dnosti planta\u017ene rezidbe<\/strong><\/p>\n<p>&nbsp;<\/p>\n<p><strong>Gustina sadnje i uzgojni oblik:<\/strong><\/p>\n<p>U planta\u017eama s gustom sadnjom (300\u2013600 stabala\/ha), kro\u0161nja se oblikuje tako da stabla ne zaklanjaju jedno drugo.<\/p>\n<p>Kod superintenzivnih zasada (1.200\u20132.000 stabala\/ha), koristi se sistem slobodnog vretena i mehani\u010dka rezidba.<\/p>\n<p>&nbsp;<\/p>\n<p><strong>Sortne karakteristike:<\/strong><\/p>\n<p>Sorta masline uti\u010de na na\u010din rezidbe. Sorte poput Leccina i Arbequine imaju prirodno bujan rast, pa zahtijevaju ja\u010du rezidbu.<\/p>\n<p>Sorte poput Koroneiki ili Oblice imaju manju bujnost i lak\u0161e se odr\u017eavaju u optimalnom obliku.<\/p>\n<p>&nbsp;<\/p>\n<p><strong>Starost stabala<\/strong><\/p>\n<p>&nbsp;<\/p>\n<p>Kod mladih stabala prioritet je formiranje stabilne kro\u0161nje.<\/p>\n<p>Kod odraslih stabala rezidba je usmjerena na odr\u017eavanje rodnosti, dok kod starih stabala treba obnavljati rodni dio kro\u0161nje.<\/p>\n<p>&nbsp;<\/p>\n<p><strong>Savjeti za uspje\u0161nu rezidbu masline<\/strong><\/p>\n<p>Redovno odr\u017eavanje: Svake godine obavite rodnu rezidbu kako biste sprije\u010dili nagomilavanje neproduktivnih grana.<\/p>\n<p>Kvalitetan alat: Koristite o\u0161tre makaze, pile i testere kako biste osigurali \u010diste rezove. Dezinfikujte alat prije po\u010detka rada kako biste sprije\u010dili \u0161irenje bolesti.<\/p>\n<p>Pratite rodnost: Prilagodite intenzitet rezidbe u godinama s ve\u0107im optere\u0107enjem stabla kako biste izbjegli iscrpljivanje.<\/p>\n<p>Obnavljanje: Svakih nekoliko godina uklonite dio starih skeletnih grana kako biste potakli rast novih rodnih izbojaka.<\/p>\n<p>&nbsp;<\/p>\n<p><strong>Povjerite rezidbu stru\u010dnjacima<\/strong><\/p>\n<p>Plantazna rezidba masline zahtijeva veliko iskustvo i poznavanje specifi\u010dnosti sorte, klime i gustine sadnje. Na\u0161 tim u Agromajstoru nudi profesionalne usluge rezidbe maslina, prilago\u0111ene va\u0161im potrebama i ciljevima.<\/p>\n<p>&nbsp;<\/p>\n<p><strong>Kontaktirajte nas putem sajta agromajstor.me i osigurajte stru\u010dnu njegu za svoje maslinjake!<\/strong><\/p>\n<p>[\/et_pb_text][\/et_pb_column][\/et_pb_row][et_pb_row _builder_version=&#8221;4.27.2&#8221; _module_preset=&#8221;default&#8221; hover_enabled=&#8221;0&#8221; global_colors_info=&#8221;{}&#8221; theme_builder_area=&#8221;post_content&#8221; use_custom_gutter=&#8221;on&#8221; gutter_width=&#8221;2&#8221; sticky_enabled=&#8221;0&#8221;][et_pb_column type=&#8221;4_4&#8221; _builder_version=&#8221;4.27.2&#8221; _module_preset=&#8221;default&#8221; global_colors_info=&#8221;{}&#8221; theme_builder_area=&#8221;post_content&#8221;][et_pb_gallery _builder_version=&#8221;4.27.2&#8221; _module_preset=&#8221;default&#8221; theme_builder_area=&#8221;post_content&#8221; gallery_ids=&#8221;204,205,206,207,208,209,210,211&#8221; show_pagination=&#8221;off&#8221; show_title_and_caption=&#8221;off&#8221; posts_number=&#8221;100&#8221; hover_enabled=&#8221;0&#8221; sticky_enabled=&#8221;0&#8221;][\/et_pb_gallery][\/et_pb_column][\/et_pb_row][\/et_pb_section][et_pb_section fb_built=&#8221;1&#8221; fullwidth=&#8221;on&#8221; admin_label=&#8221;Call to Action&#8221; _builder_version=&#8221;4.16&#8221; animation_style=&#8221;slide&#8221; animation_direction=&#8221;bottom&#8221; animation_intensity_slide=&#8221;6%&#8221; animation_starting_opacity=&#8221;100%&#8221; locked=&#8221;off&#8221; global_colors_info=&#8221;{}&#8221; theme_builder_area=&#8221;post_content&#8221;][et_pb_fullwidth_header title=&#8221;Po\u010dnimo jednu lijepu saradnju&#8221; button_one_text=&#8221;Kontaktirajte nas&#8221; content_max_width=&#8221;800px&#8221; _builder_version=&#8221;4.27.2&#8221; title_level=&#8221;h2&#8221; title_font=&#8221;Lato||||||||&#8221; title_font_size=&#8221;60px&#8221; title_line_height=&#8221;1.2em&#8221; content_font=&#8221;||||||||&#8221; content_font_size=&#8221;20px&#8221; content_line_height=&#8221;1.8em&#8221; background_color=&#8221;rgba(255, 255, 255, 0)&#8221; use_background_color_gradient=&#8221;on&#8221; background_color_gradient_direction=&#8221;90deg&#8221; background_color_gradient_stops=&#8221;rgba(0,0,0,0.75) 0%|rgba(0,0,0,0) 100%&#8221; background_color_gradient_overlays_image=&#8221;on&#8221; background_color_gradient_start=&#8221;rgba(0,0,0,0.75)&#8221; background_color_gradient_end=&#8221;rgba(0,0,0,0)&#8221; background_image=&#8221;https:\/\/agromajstor.me\/wp-content\/uploads\/2024\/11\/viber_image_2024-10-28_17-05-49-563.jpg&#8221; custom_button_one=&#8221;on&#8221; button_one_text_size=&#8221;18px&#8221; button_one_bg_color=&#8221;#02d002&#8221; button_one_border_width=&#8221;8px&#8221; button_one_border_color=&#8221;#02d002&#8221; button_one_border_radius=&#8221;0px&#8221; button_one_letter_spacing=&#8221;1px&#8221; button_one_font=&#8221;Lato|700|||||||&#8221; button_one_use_icon=&#8221;off&#8221; custom_button_two=&#8221;on&#8221; button_two_text_size=&#8221;18px&#8221; button_two_text_color=&#8221;#353740&#8221; button_two_bg_color=&#8221;#ffffff&#8221; button_two_border_width=&#8221;8px&#8221; button_two_border_color=&#8221;#ffffff&#8221; button_two_border_radius=&#8221;0px&#8221; button_two_letter_spacing=&#8221;1px&#8221; button_two_font=&#8221;Lato|700|||||||&#8221; button_two_use_icon=&#8221;off&#8221; custom_margin=&#8221;-2px|||||&#8221; custom_padding=&#8221;8%||8%|&#8221; button_one_letter_spacing_hover=&#8221;1px&#8221; button_two_letter_spacing_hover=&#8221;1px&#8221; global_colors_info=&#8221;{}&#8221; button_one_text_size__hover_enabled=&#8221;off&#8221; button_two_text_size__hover_enabled=&#8221;off&#8221; button_one_text_color__hover_enabled=&#8221;off&#8221; button_two_text_color__hover_enabled=&#8221;off&#8221; button_one_border_width__hover_enabled=&#8221;off&#8221; button_two_border_width__hover_enabled=&#8221;off&#8221; button_one_border_color__hover_enabled=&#8221;off&#8221; button_two_border_color__hover_enabled=&#8221;off&#8221; button_one_border_radius__hover_enabled=&#8221;off&#8221; button_two_border_radius__hover_enabled=&#8221;off&#8221; button_one_letter_spacing__hover_enabled=&#8221;on&#8221; button_one_letter_spacing__hover=&#8221;1px&#8221; button_two_letter_spacing__hover_enabled=&#8221;on&#8221; button_two_letter_spacing__hover=&#8221;1px&#8221; button_one_bg_color__hover_enabled=&#8221;off&#8221; button_two_bg_color__hover_enabled=&#8221;off&#8221; theme_builder_area=&#8221;post_content&#8221;][\/et_pb_fullwidth_header][\/et_pb_section]<\/p>\n","protected":false},"excerpt":{"rendered":"<p>Rezidba masline je jedna od najva\u017enijih agrotehni\u010dkih mjera koja direktno uti\u010de na rodnost stabala, kvalitet ploda i dugovje\u010dnost maslinjaka. U planta\u017enoj proizvodnji masline, rezidba se obavlja na na\u010din koji omogu\u0107ava maksimalnu produktivnost uz odr\u017eavanje optimalnog zdravlja stabala. Za\u0161to je rezidba masline va\u017ena?Regulacija roda: Rezidbom se posti\u017ee balans izme\u0111u vegetativnog rasta i rodnosti, sprje\u010davaju\u0107i alternativnu rodnost [&hellip;]<\/p>\n","protected":false},"author":1,"featured_media":0,"parent":0,"menu_order":0,"comment_status":"closed","ping_status":"closed","template":"","meta":{"_et_pb_use_builder":"on","_et_pb_old_content":"","_et_gb_content_width":"","footnotes":""},"class_list":["post-200","page","type-page","status-publish","hentry"],"_links":{"self":[{"href":"https:\/\/agromajstor.me\/index.php?rest_route=\/wp\/v2\/pages\/200","targetHints":{"allow":["GET"]}}],"collection":[{"href":"https:\/\/agromajstor.me\/index.php?rest_route=\/wp\/v2\/pages"}],"about":[{"href":"https:\/\/agromajstor.me\/index.php?rest_route=\/wp\/v2\/types\/page"}],"author":[{"embeddable":true,"href":"https:\/\/agromajstor.me\/index.php?rest_route=\/wp\/v2\/users\/1"}],"replies":[{"embeddable":true,"href":"https:\/\/agromajstor.me\/index.php?rest_route=%2Fwp%2Fv2%2Fcomments&post=200"}],"version-history":[{"count":3,"href":"https:\/\/agromajstor.me\/index.php?rest_route=\/wp\/v2\/pages\/200\/revisions"}],"predecessor-version":[{"id":213,"href":"https:\/\/agromajstor.me\/index.php?rest_route=\/wp\/v2\/pages\/200\/revisions\/213"}],"wp:attachment":[{"href":"https:\/\/agromajstor.me\/index.php?rest_route=%2Fwp%2Fv2%2Fmedia&parent=200"}],"curies":[{"name":"wp","href":"https:\/\/api.w.org\/{rel}","templated":true}]}}