{"id":97,"date":"2024-11-22T07:24:14","date_gmt":"2024-11-22T07:24:14","guid":{"rendered":"https:\/\/agromajstor.me\/?page_id=97"},"modified":"2024-11-22T07:58:47","modified_gmt":"2024-11-22T07:58:47","slug":"o-nama","status":"publish","type":"page","link":"https:\/\/agromajstor.me\/?page_id=97","title":{"rendered":"O nama"},"content":{"rendered":"<p>[et_pb_section fb_built=&#8221;1&#8221; fullwidth=&#8221;on&#8221; _builder_version=&#8221;4.27.2&#8221; animation_style=&#8221;slide&#8221; animation_direction=&#8221;top&#8221; animation_intensity_slide=&#8221;2%&#8221; animation_starting_opacity=&#8221;100%&#8221; global_colors_info=&#8221;{}&#8221;][et_pb_fullwidth_header title=&#8221;O nama&#8221; text_orientation=&#8221;center&#8221; content_max_width=&#8221;700px&#8221; _builder_version=&#8221;4.27.2&#8221; title_font=&#8221;Lato||||||||&#8221; title_font_size=&#8221;60px&#8221; title_line_height=&#8221;1.2em&#8221; content_font=&#8221;||||||||&#8221; content_font_size=&#8221;20px&#8221; content_line_height=&#8221;1.8em&#8221; background_color=&#8221;#1ba04c&#8221; use_background_color_gradient=&#8221;on&#8221; background_color_gradient_direction=&#8221;90deg&#8221; background_color_gradient_stops=&#8221;rgba(0,0,0,0.75) 0%|rgba(0,0,0,0) 100%&#8221; background_color_gradient_overlays_image=&#8221;on&#8221; background_color_gradient_start=&#8221;rgba(0,0,0,0.75)&#8221; background_color_gradient_end=&#8221;rgba(0,0,0,0)&#8221; custom_button_one=&#8221;on&#8221; button_one_text_size=&#8221;18px&#8221; button_one_bg_color=&#8221;#02d002&#8221; button_one_border_width=&#8221;8px&#8221; button_one_border_color=&#8221;#02d002&#8221; button_one_border_radius=&#8221;0px&#8221; button_one_letter_spacing=&#8221;1px&#8221; button_one_font=&#8221;Lato|700|||||||&#8221; button_one_use_icon=&#8221;off&#8221; custom_button_two=&#8221;on&#8221; button_two_text_size=&#8221;18px&#8221; button_two_text_color=&#8221;#353740&#8221; button_two_bg_color=&#8221;#ffffff&#8221; button_two_border_width=&#8221;8px&#8221; button_two_border_color=&#8221;#ffffff&#8221; button_two_border_radius=&#8221;0px&#8221; button_two_letter_spacing=&#8221;1px&#8221; button_two_font=&#8221;Lato|700|||||||&#8221; button_two_use_icon=&#8221;off&#8221; custom_margin=&#8221;|||&#8221; custom_padding=&#8221;0%||0.8%|||&#8221; hover_enabled=&#8221;0&#8221; button_one_letter_spacing_hover=&#8221;1px&#8221; button_two_letter_spacing_hover=&#8221;1px&#8221; global_colors_info=&#8221;{}&#8221; button_one_text_size__hover_enabled=&#8221;off&#8221; button_two_text_size__hover_enabled=&#8221;off&#8221; button_one_text_color__hover_enabled=&#8221;off&#8221; button_two_text_color__hover_enabled=&#8221;off&#8221; button_one_border_width__hover_enabled=&#8221;off&#8221; button_two_border_width__hover_enabled=&#8221;off&#8221; button_one_border_color__hover_enabled=&#8221;off&#8221; button_two_border_color__hover_enabled=&#8221;off&#8221; button_one_border_radius__hover_enabled=&#8221;off&#8221; button_two_border_radius__hover_enabled=&#8221;off&#8221; button_one_letter_spacing__hover_enabled=&#8221;on&#8221; button_one_letter_spacing__hover=&#8221;1px&#8221; button_two_letter_spacing__hover_enabled=&#8221;on&#8221; button_two_letter_spacing__hover=&#8221;1px&#8221; button_one_bg_color__hover_enabled=&#8221;off&#8221; button_two_bg_color__hover_enabled=&#8221;off&#8221; sticky_enabled=&#8221;0&#8221; background_enable_image=&#8221;off&#8221;][\/et_pb_fullwidth_header][\/et_pb_section][et_pb_section fb_built=&#8221;1&#8221; admin_label=&#8221;Market Information Section&#8221; _builder_version=&#8221;4.16&#8221; custom_padding=&#8221;100px||40px|||&#8221; global_colors_info=&#8221;{}&#8221;][et_pb_row column_structure=&#8221;2_5,3_5&#8221; admin_label=&#8221;Market Information Title Area&#8221; _builder_version=&#8221;4.16&#8221; custom_padding=&#8221;40px|0px|40px|0px&#8221; global_colors_info=&#8221;{}&#8221;][et_pb_column type=&#8221;2_5&#8221; _builder_version=&#8221;4.16&#8221; custom_padding=&#8221;|||&#8221; global_colors_info=&#8221;{}&#8221; custom_padding__hover=&#8221;|||&#8221;][et_pb_image src=&#8221;https:\/\/agromajstor.me\/wp-content\/uploads\/2024\/11\/viber_image_2024-10-25_18-46-59-375.jpg&#8221; _builder_version=&#8221;4.27.2&#8221; _module_preset=&#8221;default&#8221; hover_enabled=&#8221;0&#8221; sticky_enabled=&#8221;0&#8221; title_text=&#8221;viber_image_2024-10-25_18-46-59-375&#8221;][\/et_pb_image][\/et_pb_column][et_pb_column type=&#8221;3_5&#8221; _builder_version=&#8221;4.16&#8221; custom_padding=&#8221;|||&#8221; global_colors_info=&#8221;{}&#8221; custom_padding__hover=&#8221;|||&#8221;][et_pb_text _builder_version=&#8221;4.27.2&#8221; text_font=&#8221;||||||||&#8221; text_font_size=&#8221;16px&#8221; text_line_height=&#8221;1.8em&#8221; header_font=&#8221;||||||||&#8221; animation_style=&#8221;flip&#8221; animation_direction=&#8221;left&#8221; animation_intensity_flip=&#8221;20%&#8221; animation_starting_opacity=&#8221;100%&#8221; hover_enabled=&#8221;0&#8221; global_colors_info=&#8221;{}&#8221; sticky_enabled=&#8221;0&#8221; custom_padding=&#8221;||0px|||&#8221;]<\/p>\n<p>Agromajstor je nastao iz strasti dvojice poljoprivrednih in\u017eenjera prema vo\u0107arstvu i vinogradarstvu i dugogodi\u0161njeg iskustva u radu s vo\u0107arskim kulturama. Od samog starta imali smo jasnu viziju \u0161ta \u017eelimo i uo\u010dili smo potrebu za stru\u010dnim i prakti\u010dnim rje\u0161enjima koja \u0107e vo\u0107arima, vingradarima, \u00a0proizvo\u0111a\u010dima i zaljubljenicima u vo\u0107arsku proizvodnju olak\u0161ati brigu o zasadima, i tako smo odlu\u010dili da osnujemo Agromajstor \u2013 tim in\u017eenjera posve\u0107en uslugama koje donose sigurnost i kvalitet u svakoj fazi uzgoja vo\u0107arskih kultura.<\/p>\n<p>&nbsp;<\/p>\n<p>Na\u0161a usluga je na\u0161a specijalnost kada su u pitanju: planiranje i podizanje vo\u0107njaka i vinograda,\u00a0 orezivanje (rezidba) , za\u0161tita zasada, sve aktivnosti i operacije koje osiguravaju prinos i zdravlje vo\u0107arskih kultura. Ponosni smo na prilago\u0111en pristup svakom klijentu, oslanjaju\u0107i se na dugogodi\u0161nje iskustvo, stru\u010dnost i implementiranje savremenih metoda poljoprivredne proizvodnje.<\/p>\n<p>[\/et_pb_text][\/et_pb_column][\/et_pb_row][\/et_pb_section][et_pb_section fb_built=&#8221;1&#8221; theme_builder_area=&#8221;post_content&#8221; _builder_version=&#8221;4.27.2&#8221; _module_preset=&#8221;default&#8221;][et_pb_row _builder_version=&#8221;4.27.2&#8221; _module_preset=&#8221;default&#8221; theme_builder_area=&#8221;post_content&#8221; column_structure=&#8221;3_5,2_5&#8221;][et_pb_column _builder_version=&#8221;4.27.2&#8221; _module_preset=&#8221;default&#8221; type=&#8221;3_5&#8221; theme_builder_area=&#8221;post_content&#8221;][et_pb_heading title=&#8221;\u00a0Za\u0161to ba\u0161 mi ?&#8221; _builder_version=&#8221;4.27.2&#8221; _module_preset=&#8221;default&#8221; theme_builder_area=&#8221;post_content&#8221; hover_enabled=&#8221;0&#8221; sticky_enabled=&#8221;0&#8221;][\/et_pb_heading][et_pb_text _builder_version=&#8221;4.27.2&#8221; text_font=&#8221;||||||||&#8221; text_font_size=&#8221;16px&#8221; text_line_height=&#8221;1.8em&#8221; header_font=&#8221;||||||||&#8221; animation_style=&#8221;flip&#8221; animation_direction=&#8221;left&#8221; animation_intensity_flip=&#8221;20%&#8221; animation_starting_opacity=&#8221;100%&#8221; hover_enabled=&#8221;0&#8221; global_colors_info=&#8221;{}&#8221; sticky_enabled=&#8221;0&#8221; theme_builder_area=&#8221;post_content&#8221;]<\/p>\n<p>&nbsp;<\/p>\n<ul>\n<li>Brza usluga i efikasna komunikacija<\/li>\n<li>Povoljne cijene<\/li>\n<li>Stru\u010dni kadar<\/li>\n<li>Profesionalan pristup svakom klijentu<\/li>\n<li>Podr\u0161ka<\/li>\n<\/ul>\n<p>&nbsp;<\/p>\n<ul><\/ul>\n<p>&nbsp;<\/p>\n<p>Povjerenje koje nam svakodnevno ukazujete, obavezuje nas da uvijek idemo u korak sa naukom i \u00a0vremenom i da na svaki Va\u0161 zahtjev uvijek imamo spreman odgovor.<\/p>\n<p>[\/et_pb_text][\/et_pb_column][et_pb_column _builder_version=&#8221;4.27.2&#8221; _module_preset=&#8221;default&#8221; type=&#8221;2_5&#8221; theme_builder_area=&#8221;post_content&#8221;][et_pb_image src=&#8221;https:\/\/agromajstor.me\/wp-content\/uploads\/2024\/11\/viber_image_2024-10-25_18-46-59-833.jpg&#8221; _builder_version=&#8221;4.27.2&#8221; _module_preset=&#8221;default&#8221; theme_builder_area=&#8221;post_content&#8221; hover_enabled=&#8221;0&#8221; sticky_enabled=&#8221;0&#8221; title_text=&#8221;viber_image_2024-10-25_18-46-59-833&#8221;][\/et_pb_image][\/et_pb_column][\/et_pb_row][\/et_pb_section][et_pb_section fb_built=&#8221;1&#8221; fullwidth=&#8221;on&#8221; admin_label=&#8221;Call to Action&#8221; _builder_version=&#8221;4.16&#8221; animation_style=&#8221;slide&#8221; animation_direction=&#8221;bottom&#8221; animation_intensity_slide=&#8221;6%&#8221; animation_starting_opacity=&#8221;100%&#8221; locked=&#8221;off&#8221; global_colors_info=&#8221;{}&#8221;][et_pb_fullwidth_header title=&#8221;Po\u010dnimo jednu lijepu saradnju&#8221; button_one_text=&#8221;Kontaktirejte nas&#8221; content_max_width=&#8221;800px&#8221; _builder_version=&#8221;4.27.2&#8221; title_level=&#8221;h2&#8221; title_font=&#8221;Lato||||||||&#8221; title_font_size=&#8221;60px&#8221; title_line_height=&#8221;1.2em&#8221; content_font=&#8221;||||||||&#8221; content_font_size=&#8221;20px&#8221; content_line_height=&#8221;1.8em&#8221; background_color=&#8221;rgba(255, 255, 255, 0)&#8221; use_background_color_gradient=&#8221;on&#8221; background_color_gradient_direction=&#8221;90deg&#8221; background_color_gradient_stops=&#8221;rgba(0,0,0,0.75) 0%|rgba(0,0,0,0) 100%&#8221; background_color_gradient_overlays_image=&#8221;on&#8221; background_color_gradient_start=&#8221;rgba(0,0,0,0.75)&#8221; background_color_gradient_end=&#8221;rgba(0,0,0,0)&#8221; background_image=&#8221;https:\/\/agromajstor.me\/wp-content\/uploads\/2024\/11\/viber_image_2024-10-28_17-05-49-563.jpg&#8221; custom_button_one=&#8221;on&#8221; button_one_text_size=&#8221;18px&#8221; button_one_bg_color=&#8221;#02d002&#8221; button_one_border_width=&#8221;8px&#8221; button_one_border_color=&#8221;#02d002&#8221; button_one_border_radius=&#8221;0px&#8221; button_one_letter_spacing=&#8221;1px&#8221; button_one_font=&#8221;Lato|700|||||||&#8221; button_one_use_icon=&#8221;off&#8221; custom_button_two=&#8221;on&#8221; button_two_text_size=&#8221;18px&#8221; button_two_text_color=&#8221;#353740&#8221; button_two_bg_color=&#8221;#ffffff&#8221; button_two_border_width=&#8221;8px&#8221; button_two_border_color=&#8221;#ffffff&#8221; button_two_border_radius=&#8221;0px&#8221; button_two_letter_spacing=&#8221;1px&#8221; button_two_font=&#8221;Lato|700|||||||&#8221; button_two_use_icon=&#8221;off&#8221; custom_margin=&#8221;|||&#8221; custom_padding=&#8221;8%||8%|&#8221; hover_enabled=&#8221;0&#8221; button_one_letter_spacing_hover=&#8221;1px&#8221; button_two_letter_spacing_hover=&#8221;1px&#8221; global_colors_info=&#8221;{}&#8221; button_one_text_size__hover_enabled=&#8221;off&#8221; button_two_text_size__hover_enabled=&#8221;off&#8221; button_one_text_color__hover_enabled=&#8221;off&#8221; button_two_text_color__hover_enabled=&#8221;off&#8221; button_one_border_width__hover_enabled=&#8221;off&#8221; button_two_border_width__hover_enabled=&#8221;off&#8221; button_one_border_color__hover_enabled=&#8221;off&#8221; button_two_border_color__hover_enabled=&#8221;off&#8221; button_one_border_radius__hover_enabled=&#8221;off&#8221; button_two_border_radius__hover_enabled=&#8221;off&#8221; button_one_letter_spacing__hover_enabled=&#8221;on&#8221; button_one_letter_spacing__hover=&#8221;1px&#8221; button_two_letter_spacing__hover_enabled=&#8221;on&#8221; button_two_letter_spacing__hover=&#8221;1px&#8221; button_one_bg_color__hover_enabled=&#8221;off&#8221; button_two_bg_color__hover_enabled=&#8221;off&#8221; sticky_enabled=&#8221;0&#8221;][\/et_pb_fullwidth_header][\/et_pb_section]<\/p>\n","protected":false},"excerpt":{"rendered":"<p>Agromajstor je nastao iz strasti dvojice poljoprivrednih in\u017eenjera prema vo\u0107arstvu i vinogradarstvu i dugogodi\u0161njeg iskustva u radu s vo\u0107arskim kulturama. Od samog starta imali smo jasnu viziju \u0161ta \u017eelimo i uo\u010dili smo potrebu za stru\u010dnim i prakti\u010dnim rje\u0161enjima koja \u0107e vo\u0107arima, vingradarima, \u00a0proizvo\u0111a\u010dima i zaljubljenicima u vo\u0107arsku proizvodnju olak\u0161ati brigu o zasadima, i tako smo [&hellip;]<\/p>\n","protected":false},"author":1,"featured_media":0,"parent":0,"menu_order":0,"comment_status":"closed","ping_status":"closed","template":"","meta":{"_et_pb_use_builder":"on","_et_pb_old_content":"","_et_gb_content_width":"","footnotes":""},"class_list":["post-97","page","type-page","status-publish","hentry"],"_links":{"self":[{"href":"https:\/\/agromajstor.me\/index.php?rest_route=\/wp\/v2\/pages\/97","targetHints":{"allow":["GET"]}}],"collection":[{"href":"https:\/\/agromajstor.me\/index.php?rest_route=\/wp\/v2\/pages"}],"about":[{"href":"https:\/\/agromajstor.me\/index.php?rest_route=\/wp\/v2\/types\/page"}],"author":[{"embeddable":true,"href":"https:\/\/agromajstor.me\/index.php?rest_route=\/wp\/v2\/users\/1"}],"replies":[{"embeddable":true,"href":"https:\/\/agromajstor.me\/index.php?rest_route=%2Fwp%2Fv2%2Fcomments&post=97"}],"version-history":[{"count":10,"href":"https:\/\/agromajstor.me\/index.php?rest_route=\/wp\/v2\/pages\/97\/revisions"}],"predecessor-version":[{"id":113,"href":"https:\/\/agromajstor.me\/index.php?rest_route=\/wp\/v2\/pages\/97\/revisions\/113"}],"wp:attachment":[{"href":"https:\/\/agromajstor.me\/index.php?rest_route=%2Fwp%2Fv2%2Fmedia&parent=97"}],"curies":[{"name":"wp","href":"https:\/\/api.w.org\/{rel}","templated":true}]}}